what is -2230231 + -243223?
-3024004
In base 13, what is 173c76 + 15?
173c8b
In base 8, what is 121266 - 110?
121156
In base 14, what is -20 + 6322a?
6320a
In base 10, what is 2 + -4218602?
-4218600
In base 16, what is -59e - -2a128?
29b8a
In base 11, what is -84514201 + -5?
-84514206
In base 13, what is 2 + 38497c?
384981
In base 11, what is -2901991 - -3?
-2901989
In base 12, what is -6 + b4521a0?
b452196
In base 6, what is 1131 - -523534?
525105
In base 7, what is 342 - 26564?
-26222
In base 6, what is 5 + -2101221035?
-2101221030
In base 11, what is -4a8 + -424a?
-4747
In base 6, what is -4012212201 - -3?
-4012212154
In base 12, what is 1362793 + a?
13627a1
In base 15, what is -28 + -681?
-6a9
In base 15, what is 1a1a8 - -4?
1a1ac
In base 2, what is -1000101100 - -110111100100110?
110110011111010
In base 5, what is -342 - 2323211?
-2324103
In base 8, what is 32754152 + -1?
32754151
In base 5, what is -14420 - 244423?
-314343
In base 11, what is -347 + -20471?
-20808
In base 3, what is -20221001101 + 111?
-20221000220
In base 13, what is 2239a + 13?
223b0
In base 2, what is -1100010111101 - -1010110011?
-1011000001010
In base 15, what is -1d9 + 113db?
11202
In base 14, what is -776c - -62d?
-713d
In base 16, what is -802750 + 9?
-802747
In base 3, what is 10 + -20221021112021?
-20221021112011
In base 10, what is -9 - -3875748?
3875739
In base 12, what is 16072 - -825?
16897
In base 16, what is -3 - e864f4d?
-e864f50
In base 13, what is -19b + -22c7bc?
-22c98a
In base 6, what is -2132114 - 405?
-2132523
In base 14, what is 4 - 18713a3?
-187139d
In base 16, what is 31ad - -197?
3344
In base 9, what is 705723 - 1142?
704571
In base 10, what is 0 + -10515754?
-10515754
In base 6, what is 3312410 + 2042?
3314452
In base 2, what is 1110001001100111 - -1010?
1110001001110001
In base 14, what is 0 + 4a93d0?
4a93d0
In base 11, what is 34a502 - 50?
34a462
In base 5, what is -40211233322 + 24?
-40211233243
In base 14, what is -10 + 9ba834?
9ba824
In base 4, what is 1013 - 1122301203?
-1122300130
In base 2, what is -1000110010010111111110010 - -101?
-1000110010010111111101101
In base 5, what is -434 + -403124024?
-403130013
In base 12, what is 1 - -8793261?
8793262
In base 2, what is 1000000100 - 1100011?
110100001
In base 2, what is 10100110010110000001 - 11011101?
10100110010010100100
In base 4, what is -202 + -12102211020?
-12102211222
In base 9, what is -3756 - 8273?
-13140
In base 12, what is -103ab445 - 13?
-103ab458
In base 15, what is -7e302 - 62?
-7e364
In base 4, what is 1321 - -111210103220?
111210111201
In base 8, what is 102755 + 4362?
107337
In base 14, what is -41430a5 - 4?
-41430a9
In base 6, what is 3211121 - -12?
3211133
In base 16, what is 21b - 6c7d?
-6a62
In base 8, what is -113245 - -11?
-113234
In base 4, what is -222213030113 - -10?
-222213030103
In base 3, what is 0 + 100000201221220121?
100000201221220121
In base 4, what is 31 + 22321112131?
22321112222
In base 12, what is -23aa35 + -464?
-23b299
In base 3, what is 220202000001101 + 11?
220202000001112
In base 10, what is -35058 - -92?
-34966
In base 8, what is -317253 + -3375?
-322650
In base 14, what is -2db9 + 3a25?
a4a
In base 3, what is 110120201020222 + -2011?
110120201011211
In base 7, what is -50066 - 45?
-50144
In base 13, what is 4 + -5c5a29c?
-5c5a298
In base 9, what is 267 - 581615?
-581337
In base 4, what is 101000101 + -20203?
100313232
In base 16, what is b8 - 31874?
-317bc
In base 4, what is -2 + -220131322311?
-220131322313
In base 10, what is 522 + 6858?
7380
In base 11, what is -28a - 1a49?
-2228
In base 12, what is -12a909 + -10?
-12a919
In base 16, what is 7 + c1340?
c1347
In base 10, what is -5 - -2403700?
2403695
In base 7, what is -1055163 + -2410?
-1060603
In base 16, what is -2a + 72b2d?
72b03
In base 7, what is -2110 - -144624?
142514
In base 15, what is -86 + -196ce?
-19765
In base 10, what is 80 + 51630?
51710
In base 4, what is -13023321 + 30113?
-12333202
In base 13, what is -a32 + -1a15?
-2747
In base 7, what is -3266 - -4251552?
4245253
In base 7, what is 6456006650 + 1?
6456006651
In base 3, what is -10121 - -12200102000?
12200021102
In base 15, what is -402b + -35c1?
-75ec
In base 3, what is 201122001 - -2212?
201201220
In base 16, what is -ab62 - 648?
-b1aa
In base 16, what is 4 - -30bd74c?
30bd750
In base 11, what is 301 + -3a54a5?
-3a51a4
In base 2, what is 1100100101101110 - -100001010?
1100101001111000
In base 3, what is 10 - 1102210102221100?
-1102210102221020
In base 6, what is 3145 - -21552?
25141
In base 6, what is -145203113 + -351?
-145203504
In base 16, what is -74 - 3b55b?
-3b5cf
In base 7, what is 2505434 + 2042?
2510506
In base 16, what is -1da3 - 22e?
-1fd1
In base 9, what is 8 + -1151504?
-1151485
In base 13, what is -1 - -5467a?
54679
In base 5, what is -3134203 + -10114?
-3144322
In base 7, what is 46650 - 345?
46302
In base 3, what is 0 - 101220000012200?
-101220000012200
In base 7, what is 354535516 - 5?
354535511
In base 4, what is -2101323100230 - -3?
-2101323100221
In base 14, what is ab53 - -141?
ac94
In base 6, what is -1523525 + 3?
-1523522
In base 5, what is 123300 - 13142?
110103
In base 6, what is 25541 + 1535142?
2005123
In base 14, what is -cb - -1676b?
16680
In base 11, what is -58 - -188474?
188417
In base 6, what is 0 + 312324151?
312324151
In base 9, what is 5781287 + 8?
5781306
In base 10, what is -2 + 2092630?
2092628
In base 16, what is -732 - -e5b1?
de7f
In base 8, what is -30405 + 6415?
-21770
In base 5, what is 42 + -430004442?
-430004400
In base 13, what is -181b8 - -21?
-18197
In base 5, what is -124023323200 + 1?
-124023323144
In base 5, what is -113 - 340101302?
-340101420
In base 12, what is -92 + -1a2467?
-1a2539
In base 6, what is -214 - 55255224?
-55255442
In base 9, what is 17072 + -42?
17030
In base 14, what is 2dd - -8ca21?
8cd20
In base 2, what is -100001 - -100101000000010?
100100111100001
In base 8, what is 1252671 + -3605?
1247064
In base 16, what is -48c + 15ff?
1173
In base 6, what is -55250 - -1023?
-54223
In base 5, what is 2312140301 + 0?
2312140301
In base 6, what is 3115431 + -133?
3115254
In base 11, what is -446a33 + -114?
-447047
In base 11, what is -5 + -42aa50?
-42aa55
In base 15, what is -6 + 115008?
115002
In base 6, what is 141 - 24242423?
-24242242
In base 4, what is 1000020020022 - -11?
1000020020033
In base 12, what is -86 - -2a25?
295b
In base 4, what is 121202 + -1221223?
-1100021
In base 14, what is -210668 + 20?
-210648
In base 3, what is 220201200121220 - -2?
220201200121222
In base 10, what is 1490891 - -64?
1490955
In base 6, what is 452031432 - -155?
452032031
In base 14, what is -29 - -8c18b?
8c162
In base 11, what is -8 - -67459a66?
67459a59
In base 9, what is 1133 - -34112?
35245
In base 16, what is -da0b9 + d?
-da0ac
In base 5, what is -1144 + -230022?
-231221
In base 13, what is -820638 + -c9?
-820734
In base 10, what is -2 - 1706226?
-1706228
In base 5, what is 12 - -13444133231?
13444133243
In base 3, what is 100112211 - -201201012?
1002021000
In base 15, what is -2 - -68d953?
68d951
In base 8, what is 1 + 111467454?
111467455
In base 13, what is 92a27b8 - -4?
92a27bc
In base 9, what is 566754 + 551?
567415
In base 15, what is -6 - -3bb3e4?
3bb3dd
In base 3, what is -212022221101112 - 11?
-212022221101200
In base 9, what is 12215345 + 12?
12215357
In base 16, what is 13ba236 - 1?
13ba235
In base 16, what is a11f1f8 + 4?
a11f1fc
In base 7, what is -35 - -24105223?
24105155
In base 13, what is -5c9 + -9c08?
-a504
In base 12, what is -1004 - -25a4?
15a0
In base 11, what is 30a5328 + 36?
30a5363
In base 6, what is -43032 - 3504?
-50540
In base 7, what is 16166536 + -4?
16166532
In base 7, what is 205 - 1323464?
-1323256
In base 9, what is -8372 - -476?
-7785
In base 2, what is -1010 - -110111111000001000111?
110111111000000111101
In base 9, what is -807165 - -112?
-807053
In base 12, what is 9627123 + 4?
9627127
In base 2, what is 11100011101111001011100 - 10000?
11100011101111001001100
In base 4, what is 1332301211 + -11210?
1332230001
In base 14, what is -355 + -9c09?
-a160
In base 7, what is 0 + 1346606506?
1346606506
In base 2, what is 1011001010001 - 1000011011001010?
-111000001111001
In base 2, what is 1111100000 + -1110110001110?
-1100110101110
I